{"id":176,"date":"2025-08-06T16:52:01","date_gmt":"2025-08-06T16:52:01","guid":{"rendered":"https:\/\/akordeonart.com\/?post_type=product&#038;p=176"},"modified":"2025-09-12T14:33:52","modified_gmt":"2025-09-12T14:33:52","slug":"fisitalia-52-34-fb","status":"publish","type":"product","link":"https:\/\/akordeonart.com\/index.php\/produkt\/fisitalia-52-34-fb\/","title":{"rendered":"Fisitalia 52.34 FB"},"content":{"rendered":"<div class=\"product-details-module product-details__subtitle\">\n<div class=\"product-details-module__content\">Akordeon guzikowy z Konwerterem M.M.<\/div>\n<\/div>\n","protected":false},"excerpt":{"rendered":"<div class=\"product-details-module__title ec-header-h6\">Szczeg\u00f3\u0142y produktu<\/div>\n<div class=\"product-details-module__content\">\n<div class=\"product-details__product-weight\">\n<div class=\"details-product-attribute\"><span class=\"details-product-attribute__title\">Waga:\u00a0<\/span><span class=\"details-product-attribute__value\">10.50 kg<\/span><\/div>\n<\/div>\n<div id=\"productDescription\" class=\"product-details__product-description\">\n<p><strong>FISITALIA 52.34 FB\u00a0<\/strong>to w 100% w\u0142oski akordeon guzikowy z BARYTONAMI czyli MANUA\u0141EM MELODYCZNYM w lewej r\u0119ce uruchamianym za pomoc\u0105 KONWERTERA (Seria Convertor &#8211; Free Bass), marki opatrzonej certyfikatem autentyczno\u015bci w\u0142oskiego rzemios\u0142a budownictwa akordeonowego.<\/p>\n<p>Akordeon idealny dla uczni\u00f3w klas III &#8211; VI Szk\u00f3\u0142 Muzycznych I st. oraz pocz\u0105tkuj\u0105cych klas II stopnia w wieku 10 &#8211; 16 lat. Posiada 120 bas\u00f3w, konwerter bas\u00f3w melodycznych, ergonomiczn\u0105 budow\u0119, podstawowy zakres regestr\u00f3w oraz stosunkowo du\u017c\u0105 skal\u0119 d\u017awi\u0119k\u00f3w w prawe i lewej r\u0119ce. W por\u00f3wnaniu z instrumentami konkurencji posiada dodatkowo 1 prze\u0142\u0105cznik wzmacniaj\u0105cy basy, pe\u0142nowarto\u015bciowe stroiki (g\u0142osy) oraz bardzo konkurencyjn\u0105 cen\u0119.<\/p>\n<p>DANE TECHNICZNE AKORDEONU:<\/p>\n<hr \/>\n<p><strong>Prawa r\u0119ka<\/strong><br \/>\nRz\u0119dy: 5<br \/>\nPrzyciski: 87<br \/>\nZakres ton\u00f3w: 52 DO#-MI<br \/>\nCh\u00f3ry: 3<br \/>\nCassotto: NIE<br \/>\nREGESTRY: 7<br \/>\nREGESTRY BRODOWE: 3<\/p>\n<p><strong>Lewa R\u0119ka<\/strong><\/p>\n<p><strong>Konwerter Freebass<\/strong><br \/>\nZakres ton\u00f3w: 49 MI-MI<br \/>\nCh\u00f3r: 2:16+8<br \/>\nREGESTRY: 5+1R<\/p>\n<p><strong>Standardowy bas<\/strong><br \/>\nBasy: 120<br \/>\nCh\u00f3ry: 4<br \/>\nREGESTRY: 5+1R+1C<\/p>\n<p>Wymiary: 41 x 21<br \/>\nWaga: 10,5 kg<\/p>\n<div>\n<p><strong>+ futera\u0142 mi\u0119kki na plecy lub twardy na k\u00f3\u0142kach &#8211; GRATIS !!!<\/strong><\/p>\n<p><strong>+ oryginalne w\u0142oskie sk\u00f3rzane pasy no\u015bne- GRATIS !!!<\/strong><\/p>\n<p><strong>+ GWARANCJA 5 LAT<br \/>\n<\/strong><\/p>\n<hr \/>\n<p><strong>Firma\u00a0FISITALIA\u00a0r\u0119cznie buduje swoje instrumenty w centrum Castelfidardo z najlepszych i sprawdzonych materia\u0142\u00f3w w celu osi\u0105gni\u0119cia szerokiego zakresu brzmienia. W naszych akordeonach stosowane s\u0105:<br \/>\n<\/strong><\/p>\n<\/div>\n<ul>\n<li>stroiki znanych w\u0142oskich marek jak;\u00a0<strong>Artigiana, Tirate, Binci<\/strong>\u00a0oraz<\/li>\n<li>wyselekcjonowane rodzaje drewna w celu osi\u0105gni\u0119cia stosunkowo niskiej wagi<\/li>\n<li>sprawdzona &#8211; trwa\u0142a i ergonomiczna konstrukcja<\/li>\n<li>rozwi\u0105zania zapewniaj\u0105ce szeroki zakres dynamiki, klarowne brzmienie i balans oraz mocny bas.<\/li>\n<li>wyj\u0105tkowa jako\u015b\u0107 mechaniki konwertora pozwala na perfekcyjne wykonanie nawet najtrudniejszych utwor\u00f3w.<\/li>\n<\/ul>\n<p>Akordeony z tej serii s\u0105 adresowane g\u0142\u00f3wnie dla uczni\u00f3w szk\u00f3\u0142 muzycznych, student\u00f3w oraz profesjonalnych akordeonist\u00f3w, specjalizuj\u0105cych si\u0119:<\/p>\n<ul>\n<li>w muzyce powa\u017cnej,<\/li>\n<li>transkrypcjach muzycznych,<\/li>\n<li>muzyce organowej<\/li>\n<li>oryginalnej literaturze akordeonowej XX i XXI wieku.<\/li>\n<li>gatunkach muzyki rozrywkowej.<\/li>\n<\/ul>\n<p><strong>Dlaczego warto wybra\u0107 akordeon FISITALIA ?<\/strong><\/p>\n<p>Rosn\u0105cy presti\u017c i rozpoznawalno\u015b\u0107 na ca\u0142ym \u015bwiecie sprawia, \u017ce ka\u017cdy nabywca otrzymuje wyj\u0105tkowy instrument pod wzgl\u0119dem brzmienia i wygl\u0105d, kt\u00f3rego warto\u015b\u0107 b\u0119dzie tylko ros\u0142a. Nasze Akordeony zdobywaj\u0105 uznanie znanych wirtuoz\u00f3w akordeonu, najlepszych szk\u00f3\u0142 i uczelni muzycznych na ca\u0142ym \u015bwiecie. Reputacja opiera si\u0119 tu na faktycznej solidno\u015bci i jako\u015bci.<\/p>\n<ol>\n<li><strong>Rodzinna firma<\/strong>, za\u0142o\u017cona w 1995 roku przez Giseppe Ciaraluce, kt\u00f3ry wraz z innymi mistrzami zdobywa\u0142 swoje do\u015bwiadczenie w firmie Borsini.<\/li>\n<li><strong>Najwy\u017csza jako\u015b\u0107<\/strong>\u00a0mechaniki manua\u0142u dyskantowego oraz basowego. Wszystkie cz\u0119\u015bci s\u0105 montowane r\u0119cznie z trwa\u0142ych materia\u0142\u00f3w ( specjalny stop aluminium) o du\u017cej wytrzyma\u0142o\u015bci.<\/li>\n<li><strong>Brzmienie i dynamika<\/strong>. Stosujemy w naszych akordeonach najwy\u017cszej klasy stroiki tylko w\u0142oskich producent\u00f3w takich jak\u00a0<strong>Artigiana, Tirate i Binici<\/strong>\u00a0i gwarantujemy to w przeciwie\u0144stwie do konkurencji, kt\u00f3ra w og\u00f3lny spos\u00f3b opisuje stosowane przez siebie stroiki. Ka\u017cdy ma nasz akordeon ma dzi\u0119ki temu bardzo szeroki zakres dynamiki.<\/li>\n<li><strong>5 letnia gwarancja na mechanik\u0119 akordeonu<\/strong><\/li>\n<li><strong>Waga akordeon\u00f3w\u00a0<\/strong>Fisitalia nale\u017cy do najni\u017cszych w swojej klasie.<\/li>\n<li><strong>Rosn\u0105ca warto\u015b\u0107<\/strong>\u00a0sprawia, \u017ce zakup akordeonu to doskona\u0142a lokata kapita\u0142u. Akordeony\u00a0<strong>FISITALIA\u00a0<\/strong>s\u0105 z roku na rok coraz bardziej poszukiwane na rynku wt\u00f3rnym a poniewa\u017c ich warto\u015b\u0107 z roku na rok ro\u015bnie oraz jest obecnie \u015brednio o 25% ni\u017csza od konkurencji &#8211; Zakup akordeonu FISITALIA to\u00a0<strong>najlepsza inwestycja<\/strong>\u00a0dla ka\u017cdego, NIE TYLKO akordeonisty.<\/li>\n<li><strong>Presti\u017c<\/strong>\u00a0\u2013 Wi\u0119kszo\u015b\u0107 zawodowych muzyk\u00f3w JEST ZASKOCZONYCH JAKO\u015aCI\u0104 akordeonu FISITALIA.<\/li>\n<li>Najwi\u0119ksza mo\u017cliwo\u015b\u0107\u00a0<strong>indywidualnego skonfigurowania<\/strong>\u00a0akordeonu pod wzgl\u0119dem designu i brzmienia &#8211;\u00a0<strong>ponad 50 modeli<\/strong>. Ka\u017cdy znajdzie akordeon idealny dla siebie, kt\u00f3ry dodatkowo mo\u017ce zindywidualizowa\u0107 zgodnie ze swoimi wymaganiami.<\/li>\n<\/ol>\n<\/div>\n<\/div>\n","protected":false},"featured_media":179,"comment_status":"open","ping_status":"closed","template":"","meta":{"inline_featured_image":false},"product_brand":[],"product_cat":[51],"product_tag":[],"class_list":{"0":"post-176","1":"product","2":"type-product","3":"status-publish","4":"has-post-thumbnail","6":"product_cat-guzikowe_nowe","8":"first","9":"instock","10":"taxable","11":"shipping-taxable","12":"purchasable","13":"product-type-simple"},"yoast_head":"<!-- This site is optimized with the Yoast SEO Premium plugin v26.0 (Yoast SEO v26.0) - https:\/\/yoast.com\/wordpress\/plugins\/seo\/ -->\n<title>Fisitalia 52.34 FB - AkordeonArt - Bo d\u017awi\u0119k ma znaczenie!<\/title>\n<meta name=\"robots\" content=\"index, follow, max-snippet:-1, max-image-preview:large, max-video-preview:-1\" \/>\n<link rel=\"canonical\" href=\"https:\/\/akordeonart.com\/index.php\/produkt\/fisitalia-52-34-fb\/\" \/>\n<meta property=\"og:locale\" content=\"pl_PL\" \/>\n<meta property=\"og:type\" content=\"article\" \/>\n<meta property=\"og:title\" content=\"Fisitalia 52.34 FB\" \/>\n<meta property=\"og:description\" content=\"Szczeg\u00f3\u0142y produktu   Waga:\u00a010.50 kg    FISITALIA 52.34 FB\u00a0to w 100% w\u0142oski akordeon guzikowy z BARYTONAMI czyli MANUA\u0141EM MELODYCZNYM w lewej r\u0119ce uruchamianym za pomoc\u0105 KONWERTERA (Seria Convertor - Free Bass), marki opatrzonej certyfikatem autentyczno\u015bci w\u0142oskiego rzemios\u0142a budownictwa akordeonowego.  Akordeon idealny dla uczni\u00f3w klas III - VI Szk\u00f3\u0142 Muzycznych I st. oraz pocz\u0105tkuj\u0105cych klas II stopnia w wieku 10 - 16 lat. Posiada 120 bas\u00f3w, konwerter bas\u00f3w melodycznych, ergonomiczn\u0105 budow\u0119, podstawowy zakres regestr\u00f3w oraz stosunkowo du\u017c\u0105 skal\u0119 d\u017awi\u0119k\u00f3w w prawe i lewej r\u0119ce. W por\u00f3wnaniu z instrumentami konkurencji posiada dodatkowo 1 prze\u0142\u0105cznik wzmacniaj\u0105cy basy, pe\u0142nowarto\u015bciowe stroiki (g\u0142osy) oraz bardzo konkurencyjn\u0105 cen\u0119.  DANE TECHNICZNE AKORDEONU:    Prawa r\u0119ka Rz\u0119dy: 5 Przyciski: 87 Zakres ton\u00f3w: 52 DO#-MI Ch\u00f3ry: 3 Cassotto: NIE REGESTRY: 7 REGESTRY BRODOWE: 3  Lewa R\u0119ka  Konwerter Freebass Zakres ton\u00f3w: 49 MI-MI Ch\u00f3r: 2:16+8 REGESTRY: 5+1R  Standardowy bas Basy: 120 Ch\u00f3ry: 4 REGESTRY: 5+1R+1C  Wymiary: 41 x 21 Waga: 10,5 kg   + futera\u0142 mi\u0119kki na plecy lub twardy na k\u00f3\u0142kach - GRATIS !!!  + oryginalne w\u0142oskie sk\u00f3rzane pasy no\u015bne- GRATIS !!!  + GWARANCJA 5 LAT     Firma\u00a0FISITALIA\u00a0r\u0119cznie buduje swoje instrumenty w centrum Castelfidardo z najlepszych i sprawdzonych materia\u0142\u00f3w w celu osi\u0105gni\u0119cia szerokiego zakresu brzmienia. W naszych akordeonach stosowane s\u0105:      stroiki znanych w\u0142oskich marek jak;\u00a0Artigiana, Tirate, Binci\u00a0oraz  wyselekcjonowane rodzaje drewna w celu osi\u0105gni\u0119cia stosunkowo niskiej wagi  sprawdzona - trwa\u0142a i ergonomiczna konstrukcja  rozwi\u0105zania zapewniaj\u0105ce szeroki zakres dynamiki, klarowne brzmienie i balans oraz mocny bas.  wyj\u0105tkowa jako\u015b\u0107 mechaniki konwertora pozwala na perfekcyjne wykonanie nawet najtrudniejszych utwor\u00f3w.  Akordeony z tej serii s\u0105 adresowane g\u0142\u00f3wnie dla uczni\u00f3w szk\u00f3\u0142 muzycznych, student\u00f3w oraz profesjonalnych akordeonist\u00f3w, specjalizuj\u0105cych si\u0119:   w muzyce powa\u017cnej,  transkrypcjach muzycznych,  muzyce organowej  oryginalnej literaturze akordeonowej XX i XXI wieku.  gatunkach muzyki rozrywkowej.  Dlaczego warto wybra\u0107 akordeon FISITALIA ?  Rosn\u0105cy presti\u017c i rozpoznawalno\u015b\u0107 na ca\u0142ym \u015bwiecie sprawia, \u017ce ka\u017cdy nabywca otrzymuje wyj\u0105tkowy instrument pod wzgl\u0119dem brzmienia i wygl\u0105d, kt\u00f3rego warto\u015b\u0107 b\u0119dzie tylko ros\u0142a. Nasze Akordeony zdobywaj\u0105 uznanie znanych wirtuoz\u00f3w akordeonu, najlepszych szk\u00f3\u0142 i uczelni muzycznych na ca\u0142ym \u015bwiecie. Reputacja opiera si\u0119 tu na faktycznej solidno\u015bci i jako\u015bci.   Rodzinna firma, za\u0142o\u017cona w 1995 roku przez Giseppe Ciaraluce, kt\u00f3ry wraz z innymi mistrzami zdobywa\u0142 swoje do\u015bwiadczenie w firmie Borsini.  Najwy\u017csza jako\u015b\u0107\u00a0mechaniki manua\u0142u dyskantowego oraz basowego. Wszystkie cz\u0119\u015bci s\u0105 montowane r\u0119cznie z trwa\u0142ych materia\u0142\u00f3w ( specjalny stop aluminium) o du\u017cej wytrzyma\u0142o\u015bci.  Brzmienie i dynamika. Stosujemy w naszych akordeonach najwy\u017cszej klasy stroiki tylko w\u0142oskich producent\u00f3w takich jak\u00a0Artigiana, Tirate i Binici\u00a0i gwarantujemy to w przeciwie\u0144stwie do konkurencji, kt\u00f3ra w og\u00f3lny spos\u00f3b opisuje stosowane przez siebie stroiki. Ka\u017cdy ma nasz akordeon ma dzi\u0119ki temu bardzo szeroki zakres dynamiki.  5 letnia gwarancja na mechanik\u0119 akordeonu  Waga akordeon\u00f3w\u00a0Fisitalia nale\u017cy do najni\u017cszych w swojej klasie.  Rosn\u0105ca warto\u015b\u0107\u00a0sprawia, \u017ce zakup akordeonu to doskona\u0142a lokata kapita\u0142u. Akordeony\u00a0FISITALIA\u00a0s\u0105 z roku na rok coraz bardziej poszukiwane na rynku wt\u00f3rnym a poniewa\u017c ich warto\u015b\u0107 z roku na rok ro\u015bnie oraz jest obecnie \u015brednio o 25% ni\u017csza od konkurencji - Zakup akordeonu FISITALIA to\u00a0najlepsza inwestycja\u00a0dla ka\u017cdego, NIE TYLKO akordeonisty.  Presti\u017c\u00a0\u2013 Wi\u0119kszo\u015b\u0107 zawodowych muzyk\u00f3w JEST ZASKOCZONYCH JAKO\u015aCI\u0104 akordeonu FISITALIA.  Najwi\u0119ksza mo\u017cliwo\u015b\u0107\u00a0indywidualnego skonfigurowania\u00a0akordeonu pod wzgl\u0119dem designu i brzmienia -\u00a0ponad 50 modeli. Ka\u017cdy znajdzie akordeon idealny dla siebie, kt\u00f3ry dodatkowo mo\u017ce zindywidualizowa\u0107 zgodnie ze swoimi wymaganiami.\" \/>\n<meta property=\"og:url\" content=\"https:\/\/akordeonart.com\/index.php\/produkt\/fisitalia-52-34-fb\/\" \/>\n<meta property=\"og:site_name\" content=\"AkordeonArt - Bo d\u017awi\u0119k ma znaczenie!\" \/>\n<meta property=\"article:modified_time\" content=\"2025-09-12T14:33:52+00:00\" \/>\n<meta property=\"og:image\" content=\"https:\/\/akordeonart.com\/wp-content\/uploads\/2025\/08\/4584321839.jpg\" \/>\n\t<meta property=\"og:image:width\" content=\"1024\" \/>\n\t<meta property=\"og:image:height\" content=\"683\" \/>\n\t<meta property=\"og:image:type\" content=\"image\/jpeg\" \/>\n<meta name=\"twitter:card\" content=\"summary_large_image\" \/>\n<script type=\"application\/ld+json\" class=\"yoast-schema-graph\">{\"@context\":\"https:\/\/schema.org\",\"@graph\":[{\"@type\":\"WebPage\",\"@id\":\"https:\/\/akordeonart.com\/index.php\/produkt\/fisitalia-52-34-fb\/\",\"url\":\"https:\/\/akordeonart.com\/index.php\/produkt\/fisitalia-52-34-fb\/\",\"name\":\"Fisitalia 52.34 FB - AkordeonArt - Bo d\u017awi\u0119k ma znaczenie!\",\"isPartOf\":{\"@id\":\"https:\/\/akordeonart.com\/#website\"},\"primaryImageOfPage\":{\"@id\":\"https:\/\/akordeonart.com\/index.php\/produkt\/fisitalia-52-34-fb\/#primaryimage\"},\"image\":{\"@id\":\"https:\/\/akordeonart.com\/index.php\/produkt\/fisitalia-52-34-fb\/#primaryimage\"},\"thumbnailUrl\":\"https:\/\/akordeonart.com\/wp-content\/uploads\/2025\/08\/4584321839.jpg\",\"datePublished\":\"2025-08-06T16:52:01+00:00\",\"dateModified\":\"2025-09-12T14:33:52+00:00\",\"breadcrumb\":{\"@id\":\"https:\/\/akordeonart.com\/index.php\/produkt\/fisitalia-52-34-fb\/#breadcrumb\"},\"inLanguage\":\"pl-PL\",\"potentialAction\":[{\"@type\":\"ReadAction\",\"target\":[\"https:\/\/akordeonart.com\/index.php\/produkt\/fisitalia-52-34-fb\/\"]}]},{\"@type\":\"ImageObject\",\"inLanguage\":\"pl-PL\",\"@id\":\"https:\/\/akordeonart.com\/index.php\/produkt\/fisitalia-52-34-fb\/#primaryimage\",\"url\":\"https:\/\/akordeonart.com\/wp-content\/uploads\/2025\/08\/4584321839.jpg\",\"contentUrl\":\"https:\/\/akordeonart.com\/wp-content\/uploads\/2025\/08\/4584321839.jpg\",\"width\":1024,\"height\":683},{\"@type\":\"BreadcrumbList\",\"@id\":\"https:\/\/akordeonart.com\/index.php\/produkt\/fisitalia-52-34-fb\/#breadcrumb\",\"itemListElement\":[{\"@type\":\"ListItem\",\"position\":1,\"name\":\"Strona g\u0142\u00f3wna\",\"item\":\"https:\/\/akordeonart.com\/\"},{\"@type\":\"ListItem\",\"position\":2,\"name\":\"Sklep\",\"item\":\"https:\/\/akordeonart.com\/index.php\/sklep\/\"},{\"@type\":\"ListItem\",\"position\":3,\"name\":\"Fisitalia 52.34 FB\"}]},{\"@type\":\"WebSite\",\"@id\":\"https:\/\/akordeonart.com\/#website\",\"url\":\"https:\/\/akordeonart.com\/\",\"name\":\"AkordeonArt - Bo d\u017awi\u0119k ma znaczenie!\",\"description\":\"\",\"publisher\":{\"@id\":\"https:\/\/akordeonart.com\/#organization\"},\"potentialAction\":[{\"@type\":\"SearchAction\",\"target\":{\"@type\":\"EntryPoint\",\"urlTemplate\":\"https:\/\/akordeonart.com\/?s={search_term_string}\"},\"query-input\":{\"@type\":\"PropertyValueSpecification\",\"valueRequired\":true,\"valueName\":\"search_term_string\"}}],\"inLanguage\":\"pl-PL\"},{\"@type\":\"Organization\",\"@id\":\"https:\/\/akordeonart.com\/#organization\",\"name\":\"AkordeonArt - Bo d\u017awi\u0119k ma znaczenie!\",\"url\":\"https:\/\/akordeonart.com\/\",\"logo\":{\"@type\":\"ImageObject\",\"inLanguage\":\"pl-PL\",\"@id\":\"https:\/\/akordeonart.com\/#\/schema\/logo\/image\/\",\"url\":\"https:\/\/akordeonart.com\/wp-content\/uploads\/2025\/08\/logo-czarne.webp\",\"contentUrl\":\"https:\/\/akordeonart.com\/wp-content\/uploads\/2025\/08\/logo-czarne.webp\",\"width\":1093,\"height\":259,\"caption\":\"AkordeonArt - Bo d\u017awi\u0119k ma znaczenie!\"},\"image\":{\"@id\":\"https:\/\/akordeonart.com\/#\/schema\/logo\/image\/\"}}]}<\/script>\n<!-- \/ Yoast SEO Premium plugin. -->","yoast_head_json":{"title":"Fisitalia 52.34 FB - AkordeonArt - Bo d\u017awi\u0119k ma znaczenie!","robots":{"index":"index","follow":"follow","max-snippet":"max-snippet:-1","max-image-preview":"max-image-preview:large","max-video-preview":"max-video-preview:-1"},"canonical":"https:\/\/akordeonart.com\/index.php\/produkt\/fisitalia-52-34-fb\/","og_locale":"pl_PL","og_type":"article","og_title":"Fisitalia 52.34 FB","og_description":"Szczeg\u00f3\u0142y produktu   Waga:\u00a010.50 kg    FISITALIA 52.34 FB\u00a0to w 100% w\u0142oski akordeon guzikowy z BARYTONAMI czyli MANUA\u0141EM MELODYCZNYM w lewej r\u0119ce uruchamianym za pomoc\u0105 KONWERTERA (Seria Convertor - Free Bass), marki opatrzonej certyfikatem autentyczno\u015bci w\u0142oskiego rzemios\u0142a budownictwa akordeonowego.  Akordeon idealny dla uczni\u00f3w klas III - VI Szk\u00f3\u0142 Muzycznych I st. oraz pocz\u0105tkuj\u0105cych klas II stopnia w wieku 10 - 16 lat. Posiada 120 bas\u00f3w, konwerter bas\u00f3w melodycznych, ergonomiczn\u0105 budow\u0119, podstawowy zakres regestr\u00f3w oraz stosunkowo du\u017c\u0105 skal\u0119 d\u017awi\u0119k\u00f3w w prawe i lewej r\u0119ce. W por\u00f3wnaniu z instrumentami konkurencji posiada dodatkowo 1 prze\u0142\u0105cznik wzmacniaj\u0105cy basy, pe\u0142nowarto\u015bciowe stroiki (g\u0142osy) oraz bardzo konkurencyjn\u0105 cen\u0119.  DANE TECHNICZNE AKORDEONU:    Prawa r\u0119ka Rz\u0119dy: 5 Przyciski: 87 Zakres ton\u00f3w: 52 DO#-MI Ch\u00f3ry: 3 Cassotto: NIE REGESTRY: 7 REGESTRY BRODOWE: 3  Lewa R\u0119ka  Konwerter Freebass Zakres ton\u00f3w: 49 MI-MI Ch\u00f3r: 2:16+8 REGESTRY: 5+1R  Standardowy bas Basy: 120 Ch\u00f3ry: 4 REGESTRY: 5+1R+1C  Wymiary: 41 x 21 Waga: 10,5 kg   + futera\u0142 mi\u0119kki na plecy lub twardy na k\u00f3\u0142kach - GRATIS !!!  + oryginalne w\u0142oskie sk\u00f3rzane pasy no\u015bne- GRATIS !!!  + GWARANCJA 5 LAT     Firma\u00a0FISITALIA\u00a0r\u0119cznie buduje swoje instrumenty w centrum Castelfidardo z najlepszych i sprawdzonych materia\u0142\u00f3w w celu osi\u0105gni\u0119cia szerokiego zakresu brzmienia. W naszych akordeonach stosowane s\u0105:      stroiki znanych w\u0142oskich marek jak;\u00a0Artigiana, Tirate, Binci\u00a0oraz  wyselekcjonowane rodzaje drewna w celu osi\u0105gni\u0119cia stosunkowo niskiej wagi  sprawdzona - trwa\u0142a i ergonomiczna konstrukcja  rozwi\u0105zania zapewniaj\u0105ce szeroki zakres dynamiki, klarowne brzmienie i balans oraz mocny bas.  wyj\u0105tkowa jako\u015b\u0107 mechaniki konwertora pozwala na perfekcyjne wykonanie nawet najtrudniejszych utwor\u00f3w.  Akordeony z tej serii s\u0105 adresowane g\u0142\u00f3wnie dla uczni\u00f3w szk\u00f3\u0142 muzycznych, student\u00f3w oraz profesjonalnych akordeonist\u00f3w, specjalizuj\u0105cych si\u0119:   w muzyce powa\u017cnej,  transkrypcjach muzycznych,  muzyce organowej  oryginalnej literaturze akordeonowej XX i XXI wieku.  gatunkach muzyki rozrywkowej.  Dlaczego warto wybra\u0107 akordeon FISITALIA ?  Rosn\u0105cy presti\u017c i rozpoznawalno\u015b\u0107 na ca\u0142ym \u015bwiecie sprawia, \u017ce ka\u017cdy nabywca otrzymuje wyj\u0105tkowy instrument pod wzgl\u0119dem brzmienia i wygl\u0105d, kt\u00f3rego warto\u015b\u0107 b\u0119dzie tylko ros\u0142a. Nasze Akordeony zdobywaj\u0105 uznanie znanych wirtuoz\u00f3w akordeonu, najlepszych szk\u00f3\u0142 i uczelni muzycznych na ca\u0142ym \u015bwiecie. Reputacja opiera si\u0119 tu na faktycznej solidno\u015bci i jako\u015bci.   Rodzinna firma, za\u0142o\u017cona w 1995 roku przez Giseppe Ciaraluce, kt\u00f3ry wraz z innymi mistrzami zdobywa\u0142 swoje do\u015bwiadczenie w firmie Borsini.  Najwy\u017csza jako\u015b\u0107\u00a0mechaniki manua\u0142u dyskantowego oraz basowego. Wszystkie cz\u0119\u015bci s\u0105 montowane r\u0119cznie z trwa\u0142ych materia\u0142\u00f3w ( specjalny stop aluminium) o du\u017cej wytrzyma\u0142o\u015bci.  Brzmienie i dynamika. Stosujemy w naszych akordeonach najwy\u017cszej klasy stroiki tylko w\u0142oskich producent\u00f3w takich jak\u00a0Artigiana, Tirate i Binici\u00a0i gwarantujemy to w przeciwie\u0144stwie do konkurencji, kt\u00f3ra w og\u00f3lny spos\u00f3b opisuje stosowane przez siebie stroiki. Ka\u017cdy ma nasz akordeon ma dzi\u0119ki temu bardzo szeroki zakres dynamiki.  5 letnia gwarancja na mechanik\u0119 akordeonu  Waga akordeon\u00f3w\u00a0Fisitalia nale\u017cy do najni\u017cszych w swojej klasie.  Rosn\u0105ca warto\u015b\u0107\u00a0sprawia, \u017ce zakup akordeonu to doskona\u0142a lokata kapita\u0142u. Akordeony\u00a0FISITALIA\u00a0s\u0105 z roku na rok coraz bardziej poszukiwane na rynku wt\u00f3rnym a poniewa\u017c ich warto\u015b\u0107 z roku na rok ro\u015bnie oraz jest obecnie \u015brednio o 25% ni\u017csza od konkurencji - Zakup akordeonu FISITALIA to\u00a0najlepsza inwestycja\u00a0dla ka\u017cdego, NIE TYLKO akordeonisty.  Presti\u017c\u00a0\u2013 Wi\u0119kszo\u015b\u0107 zawodowych muzyk\u00f3w JEST ZASKOCZONYCH JAKO\u015aCI\u0104 akordeonu FISITALIA.  Najwi\u0119ksza mo\u017cliwo\u015b\u0107\u00a0indywidualnego skonfigurowania\u00a0akordeonu pod wzgl\u0119dem designu i brzmienia -\u00a0ponad 50 modeli. Ka\u017cdy znajdzie akordeon idealny dla siebie, kt\u00f3ry dodatkowo mo\u017ce zindywidualizowa\u0107 zgodnie ze swoimi wymaganiami.","og_url":"https:\/\/akordeonart.com\/index.php\/produkt\/fisitalia-52-34-fb\/","og_site_name":"AkordeonArt - Bo d\u017awi\u0119k ma znaczenie!","article_modified_time":"2025-09-12T14:33:52+00:00","og_image":[{"width":1024,"height":683,"url":"https:\/\/akordeonart.com\/wp-content\/uploads\/2025\/08\/4584321839.jpg","type":"image\/jpeg"}],"twitter_card":"summary_large_image","schema":{"@context":"https:\/\/schema.org","@graph":[{"@type":"WebPage","@id":"https:\/\/akordeonart.com\/index.php\/produkt\/fisitalia-52-34-fb\/","url":"https:\/\/akordeonart.com\/index.php\/produkt\/fisitalia-52-34-fb\/","name":"Fisitalia 52.34 FB - AkordeonArt - Bo d\u017awi\u0119k ma znaczenie!","isPartOf":{"@id":"https:\/\/akordeonart.com\/#website"},"primaryImageOfPage":{"@id":"https:\/\/akordeonart.com\/index.php\/produkt\/fisitalia-52-34-fb\/#primaryimage"},"image":{"@id":"https:\/\/akordeonart.com\/index.php\/produkt\/fisitalia-52-34-fb\/#primaryimage"},"thumbnailUrl":"https:\/\/akordeonart.com\/wp-content\/uploads\/2025\/08\/4584321839.jpg","datePublished":"2025-08-06T16:52:01+00:00","dateModified":"2025-09-12T14:33:52+00:00","breadcrumb":{"@id":"https:\/\/akordeonart.com\/index.php\/produkt\/fisitalia-52-34-fb\/#breadcrumb"},"inLanguage":"pl-PL","potentialAction":[{"@type":"ReadAction","target":["https:\/\/akordeonart.com\/index.php\/produkt\/fisitalia-52-34-fb\/"]}]},{"@type":"ImageObject","inLanguage":"pl-PL","@id":"https:\/\/akordeonart.com\/index.php\/produkt\/fisitalia-52-34-fb\/#primaryimage","url":"https:\/\/akordeonart.com\/wp-content\/uploads\/2025\/08\/4584321839.jpg","contentUrl":"https:\/\/akordeonart.com\/wp-content\/uploads\/2025\/08\/4584321839.jpg","width":1024,"height":683},{"@type":"BreadcrumbList","@id":"https:\/\/akordeonart.com\/index.php\/produkt\/fisitalia-52-34-fb\/#breadcrumb","itemListElement":[{"@type":"ListItem","position":1,"name":"Strona g\u0142\u00f3wna","item":"https:\/\/akordeonart.com\/"},{"@type":"ListItem","position":2,"name":"Sklep","item":"https:\/\/akordeonart.com\/index.php\/sklep\/"},{"@type":"ListItem","position":3,"name":"Fisitalia 52.34 FB"}]},{"@type":"WebSite","@id":"https:\/\/akordeonart.com\/#website","url":"https:\/\/akordeonart.com\/","name":"AkordeonArt - Bo d\u017awi\u0119k ma znaczenie!","description":"","publisher":{"@id":"https:\/\/akordeonart.com\/#organization"},"potentialAction":[{"@type":"SearchAction","target":{"@type":"EntryPoint","urlTemplate":"https:\/\/akordeonart.com\/?s={search_term_string}"},"query-input":{"@type":"PropertyValueSpecification","valueRequired":true,"valueName":"search_term_string"}}],"inLanguage":"pl-PL"},{"@type":"Organization","@id":"https:\/\/akordeonart.com\/#organization","name":"AkordeonArt - Bo d\u017awi\u0119k ma znaczenie!","url":"https:\/\/akordeonart.com\/","logo":{"@type":"ImageObject","inLanguage":"pl-PL","@id":"https:\/\/akordeonart.com\/#\/schema\/logo\/image\/","url":"https:\/\/akordeonart.com\/wp-content\/uploads\/2025\/08\/logo-czarne.webp","contentUrl":"https:\/\/akordeonart.com\/wp-content\/uploads\/2025\/08\/logo-czarne.webp","width":1093,"height":259,"caption":"AkordeonArt - Bo d\u017awi\u0119k ma znaczenie!"},"image":{"@id":"https:\/\/akordeonart.com\/#\/schema\/logo\/image\/"}}]}},"wcpa_form_fields":null,"_links":{"self":[{"href":"https:\/\/akordeonart.com\/index.php\/wp-json\/wp\/v2\/product\/176","targetHints":{"allow":["GET"]}}],"collection":[{"href":"https:\/\/akordeonart.com\/index.php\/wp-json\/wp\/v2\/product"}],"about":[{"href":"https:\/\/akordeonart.com\/index.php\/wp-json\/wp\/v2\/types\/product"}],"replies":[{"embeddable":true,"href":"https:\/\/akordeonart.com\/index.php\/wp-json\/wp\/v2\/comments?post=176"}],"wp:featuredmedia":[{"embeddable":true,"href":"https:\/\/akordeonart.com\/index.php\/wp-json\/wp\/v2\/media\/179"}],"wp:attachment":[{"href":"https:\/\/akordeonart.com\/index.php\/wp-json\/wp\/v2\/media?parent=176"}],"wp:term":[{"taxonomy":"product_brand","embeddable":true,"href":"https:\/\/akordeonart.com\/index.php\/wp-json\/wp\/v2\/product_brand?post=176"},{"taxonomy":"product_cat","embeddable":true,"href":"https:\/\/akordeonart.com\/index.php\/wp-json\/wp\/v2\/product_cat?post=176"},{"taxonomy":"product_tag","embeddable":true,"href":"https:\/\/akordeonart.com\/index.php\/wp-json\/wp\/v2\/product_tag?post=176"}],"curies":[{"name":"wp","href":"https:\/\/api.w.org\/{rel}","templated":true}]}}