{"id":1147,"date":"2025-09-16T09:38:56","date_gmt":"2025-09-16T09:38:56","guid":{"rendered":"http:\/\/akordeonart.com\/?post_type=product&#038;p=1147"},"modified":"2025-09-29T19:20:48","modified_gmt":"2025-09-29T19:20:48","slug":"akordeon-kanalowy-beltuna-120-bas","status":"publish","type":"product","link":"https:\/\/akordeonart.com\/index.php\/produkt\/akordeon-kanalowy-beltuna-120-bas\/","title":{"rendered":"Beltuna Leader V \u2013 5-ch\u00f3rowy, 120 bas\u00f3w, Casotto, Amplisound, MIDI | Akordeon kana\u0142owy"},"content":{"rendered":"","protected":false},"excerpt":{"rendered":"<p data-start=\"175\" data-end=\"558\"><strong data-start=\"175\" data-end=\"193\">Opis produktu:<\/strong><br data-start=\"193\" data-end=\"196\" \/>Ekskluzywny akordeon kana\u0142owy <strong data-start=\"226\" data-end=\"246\">Beltuna Leader V<\/strong> \u2013 instrument klasy premium, stworzony dla profesjonalnych muzyk\u00f3w. Wyposa\u017cony w <strong data-start=\"327\" data-end=\"353\">5 ch\u00f3r\u00f3w (3+2 Casotto)<\/strong> oraz <strong data-start=\"359\" data-end=\"372\">120 bas\u00f3w<\/strong>, oferuje niezwykle bogate i ciep\u0142e brzmienie. Dzi\u0119ki zastosowaniu systemu <strong data-start=\"447\" data-end=\"461\">Amplisound<\/strong> oraz wbudowanego <strong data-start=\"479\" data-end=\"487\">MIDI<\/strong>, instrument daje szerokie mo\u017cliwo\u015bci w grze koncertowej i studyjnej.<\/p>\n<p data-start=\"560\" data-end=\"579\"><strong data-start=\"560\" data-end=\"577\">Cechy g\u0142\u00f3wne:<\/strong><\/p>\n<ul data-start=\"580\" data-end=\"903\">\n<li data-start=\"580\" data-end=\"607\">\n<p data-start=\"582\" data-end=\"607\">Model: Beltuna Leader V<\/p>\n<\/li>\n<li data-start=\"608\" data-end=\"645\">\n<p data-start=\"610\" data-end=\"645\">Typ: akordeon klawiszowy kana\u0142owy<\/p>\n<\/li>\n<li data-start=\"646\" data-end=\"679\">\n<p data-start=\"648\" data-end=\"679\">Ilo\u015b\u0107 ch\u00f3r\u00f3w: 5 (3+2 Casotto)<\/p>\n<\/li>\n<li data-start=\"680\" data-end=\"700\">\n<p data-start=\"682\" data-end=\"700\">Ilo\u015b\u0107 bas\u00f3w: 120<\/p>\n<\/li>\n<li data-start=\"701\" data-end=\"760\">\n<p data-start=\"703\" data-end=\"760\">System <strong data-start=\"710\" data-end=\"724\">Amplisound<\/strong> \u2013 regulacja barwy i g\u0142\u0119bi d\u017awi\u0119ku<\/p>\n<\/li>\n<li data-start=\"761\" data-end=\"790\">\n<p data-start=\"763\" data-end=\"790\">Wbudowany system <strong data-start=\"780\" data-end=\"788\">MIDI<\/strong><\/p>\n<\/li>\n<li data-start=\"791\" data-end=\"854\">\n<p data-start=\"793\" data-end=\"854\">G\u0142osy: <strong data-start=\"800\" data-end=\"826\">Artigiana Professional<\/strong> \u2013 najwy\u017csza klasa jako\u015bci<\/p>\n<\/li>\n<li data-start=\"855\" data-end=\"903\">\n<p data-start=\"857\" data-end=\"903\">Klawiatura: techniczna, precyzyjna i wygodna<\/p>\n<\/li>\n<\/ul>\n<p data-start=\"905\" data-end=\"929\"><strong data-start=\"905\" data-end=\"927\">Atuty instrumentu:<\/strong><\/p>\n<ul data-start=\"930\" data-end=\"1038\">\n<li data-start=\"930\" data-end=\"965\">\n<p data-start=\"932\" data-end=\"965\">Pi\u0119kne, profesjonalne brzmienie<\/p>\n<\/li>\n<li data-start=\"966\" data-end=\"999\">\n<p data-start=\"968\" data-end=\"999\">Idealny do koncert\u00f3w i nagra\u0144<\/p>\n<\/li>\n<li data-start=\"1000\" data-end=\"1038\">\n<p data-start=\"1002\" data-end=\"1038\">Niezawodna w\u0142oska jako\u015b\u0107 wykonania<\/p>\n<\/li>\n<\/ul>\n<p data-start=\"1040\" data-end=\"1223\"><strong data-start=\"1040\" data-end=\"1065\">Dodatkowe informacje:<\/strong><br data-start=\"1065\" data-end=\"1068\" \/>Na \u017cyczenie kupuj\u0105cego dost\u0119pne s\u0105 dodatkowe zdj\u0119cia oraz nagrania prezentuj\u0105ce brzmienie instrumentu. Mo\u017cliwo\u015b\u0107 wysy\u0142ki za pobraniem lub po przedp\u0142acie.<\/p>\n","protected":false},"featured_media":1259,"comment_status":"open","ping_status":"closed","template":"","meta":{"inline_featured_image":false},"product_brand":[],"product_cat":[19,54],"product_tag":[],"class_list":{"0":"post-1147","1":"product","2":"type-product","3":"status-publish","4":"has-post-thumbnail","6":"product_cat-bez-kategorii","7":"product_cat-klawiszowe_uzywane","9":"first","10":"instock","11":"taxable","12":"shipping-taxable","13":"purchasable","14":"product-type-simple"},"yoast_head":"<!-- This site is optimized with the Yoast SEO Premium plugin v26.0 (Yoast SEO v26.0) - https:\/\/yoast.com\/wordpress\/plugins\/seo\/ -->\n<title>Beltuna Leader V \u2013 5-ch\u00f3rowy, 120 bas\u00f3w, Casotto, Amplisound, MIDI | Akordeon kana\u0142owy - AkordeonArt - Bo d\u017awi\u0119k ma znaczenie!<\/title>\n<meta name=\"robots\" content=\"index, follow, max-snippet:-1, max-image-preview:large, max-video-preview:-1\" \/>\n<link rel=\"canonical\" href=\"https:\/\/akordeonart.com\/index.php\/produkt\/akordeon-kanalowy-beltuna-120-bas\/\" \/>\n<meta property=\"og:locale\" content=\"pl_PL\" \/>\n<meta property=\"og:type\" content=\"article\" \/>\n<meta property=\"og:title\" content=\"Beltuna Leader V \u2013 5-ch\u00f3rowy, 120 bas\u00f3w, Casotto, Amplisound, MIDI | Akordeon kana\u0142owy\" \/>\n<meta property=\"og:description\" content=\"Opis produktu:Ekskluzywny akordeon kana\u0142owy Beltuna Leader V \u2013 instrument klasy premium, stworzony dla profesjonalnych muzyk\u00f3w. Wyposa\u017cony w 5 ch\u00f3r\u00f3w (3+2 Casotto) oraz 120 bas\u00f3w, oferuje niezwykle bogate i ciep\u0142e brzmienie. Dzi\u0119ki zastosowaniu systemu Amplisound oraz wbudowanego MIDI, instrument daje szerokie mo\u017cliwo\u015bci w grze koncertowej i studyjnej. Cechy g\u0142\u00f3wne:     Model: Beltuna Leader V    Typ: akordeon klawiszowy kana\u0142owy    Ilo\u015b\u0107 ch\u00f3r\u00f3w: 5 (3+2 Casotto)    Ilo\u015b\u0107 bas\u00f3w: 120    System Amplisound \u2013 regulacja barwy i g\u0142\u0119bi d\u017awi\u0119ku    Wbudowany system MIDI    G\u0142osy: Artigiana Professional \u2013 najwy\u017csza klasa jako\u015bci    Klawiatura: techniczna, precyzyjna i wygodna   Atuty instrumentu:     Pi\u0119kne, profesjonalne brzmienie    Idealny do koncert\u00f3w i nagra\u0144    Niezawodna w\u0142oska jako\u015b\u0107 wykonania   Dodatkowe informacje:Na \u017cyczenie kupuj\u0105cego dost\u0119pne s\u0105 dodatkowe zdj\u0119cia oraz nagrania prezentuj\u0105ce brzmienie instrumentu. Mo\u017cliwo\u015b\u0107 wysy\u0142ki za pobraniem lub po przedp\u0142acie.\" \/>\n<meta property=\"og:url\" content=\"https:\/\/akordeonart.com\/index.php\/produkt\/akordeon-kanalowy-beltuna-120-bas\/\" \/>\n<meta property=\"og:site_name\" content=\"AkordeonArt - Bo d\u017awi\u0119k ma znaczenie!\" \/>\n<meta property=\"article:modified_time\" content=\"2025-09-29T19:20:48+00:00\" \/>\n<meta property=\"og:image\" content=\"https:\/\/akordeonart.com\/wp-content\/uploads\/2025\/09\/freepik__background__77778-1024x1024.png\" \/>\n\t<meta property=\"og:image:width\" content=\"1024\" \/>\n\t<meta property=\"og:image:height\" content=\"1024\" \/>\n\t<meta property=\"og:image:type\" content=\"image\/png\" \/>\n<meta name=\"twitter:card\" content=\"summary_large_image\" \/>\n<script type=\"application\/ld+json\" class=\"yoast-schema-graph\">{\"@context\":\"https:\/\/schema.org\",\"@graph\":[{\"@type\":\"WebPage\",\"@id\":\"https:\/\/akordeonart.com\/index.php\/produkt\/akordeon-kanalowy-beltuna-120-bas\/\",\"url\":\"https:\/\/akordeonart.com\/index.php\/produkt\/akordeon-kanalowy-beltuna-120-bas\/\",\"name\":\"Beltuna Leader V \u2013 5-ch\u00f3rowy, 120 bas\u00f3w, Casotto, Amplisound, MIDI | Akordeon kana\u0142owy - AkordeonArt - Bo d\u017awi\u0119k ma znaczenie!\",\"isPartOf\":{\"@id\":\"https:\/\/akordeonart.com\/#website\"},\"primaryImageOfPage\":{\"@id\":\"https:\/\/akordeonart.com\/index.php\/produkt\/akordeon-kanalowy-beltuna-120-bas\/#primaryimage\"},\"image\":{\"@id\":\"https:\/\/akordeonart.com\/index.php\/produkt\/akordeon-kanalowy-beltuna-120-bas\/#primaryimage\"},\"thumbnailUrl\":\"https:\/\/akordeonart.com\/wp-content\/uploads\/2025\/09\/freepik__background__77778.png\",\"datePublished\":\"2025-09-16T09:38:56+00:00\",\"dateModified\":\"2025-09-29T19:20:48+00:00\",\"breadcrumb\":{\"@id\":\"https:\/\/akordeonart.com\/index.php\/produkt\/akordeon-kanalowy-beltuna-120-bas\/#breadcrumb\"},\"inLanguage\":\"pl-PL\",\"potentialAction\":[{\"@type\":\"ReadAction\",\"target\":[\"https:\/\/akordeonart.com\/index.php\/produkt\/akordeon-kanalowy-beltuna-120-bas\/\"]}]},{\"@type\":\"ImageObject\",\"inLanguage\":\"pl-PL\",\"@id\":\"https:\/\/akordeonart.com\/index.php\/produkt\/akordeon-kanalowy-beltuna-120-bas\/#primaryimage\",\"url\":\"https:\/\/akordeonart.com\/wp-content\/uploads\/2025\/09\/freepik__background__77778.png\",\"contentUrl\":\"https:\/\/akordeonart.com\/wp-content\/uploads\/2025\/09\/freepik__background__77778.png\",\"width\":1536,\"height\":1536},{\"@type\":\"BreadcrumbList\",\"@id\":\"https:\/\/akordeonart.com\/index.php\/produkt\/akordeon-kanalowy-beltuna-120-bas\/#breadcrumb\",\"itemListElement\":[{\"@type\":\"ListItem\",\"position\":1,\"name\":\"Strona g\u0142\u00f3wna\",\"item\":\"https:\/\/akordeonart.com\/\"},{\"@type\":\"ListItem\",\"position\":2,\"name\":\"Sklep\",\"item\":\"https:\/\/akordeonart.com\/index.php\/sklep\/\"},{\"@type\":\"ListItem\",\"position\":3,\"name\":\"Beltuna Leader V \u2013 5-ch\u00f3rowy, 120 bas\u00f3w, Casotto, Amplisound, MIDI | Akordeon kana\u0142owy\"}]},{\"@type\":\"WebSite\",\"@id\":\"https:\/\/akordeonart.com\/#website\",\"url\":\"https:\/\/akordeonart.com\/\",\"name\":\"AkordeonArt - Bo d\u017awi\u0119k ma znaczenie!\",\"description\":\"\",\"publisher\":{\"@id\":\"https:\/\/akordeonart.com\/#organization\"},\"potentialAction\":[{\"@type\":\"SearchAction\",\"target\":{\"@type\":\"EntryPoint\",\"urlTemplate\":\"https:\/\/akordeonart.com\/?s={search_term_string}\"},\"query-input\":{\"@type\":\"PropertyValueSpecification\",\"valueRequired\":true,\"valueName\":\"search_term_string\"}}],\"inLanguage\":\"pl-PL\"},{\"@type\":\"Organization\",\"@id\":\"https:\/\/akordeonart.com\/#organization\",\"name\":\"AkordeonArt - Bo d\u017awi\u0119k ma znaczenie!\",\"url\":\"https:\/\/akordeonart.com\/\",\"logo\":{\"@type\":\"ImageObject\",\"inLanguage\":\"pl-PL\",\"@id\":\"https:\/\/akordeonart.com\/#\/schema\/logo\/image\/\",\"url\":\"https:\/\/akordeonart.com\/wp-content\/uploads\/2025\/08\/logo-czarne.webp\",\"contentUrl\":\"https:\/\/akordeonart.com\/wp-content\/uploads\/2025\/08\/logo-czarne.webp\",\"width\":1093,\"height\":259,\"caption\":\"AkordeonArt - Bo d\u017awi\u0119k ma znaczenie!\"},\"image\":{\"@id\":\"https:\/\/akordeonart.com\/#\/schema\/logo\/image\/\"}}]}<\/script>\n<!-- \/ Yoast SEO Premium plugin. -->","yoast_head_json":{"title":"Beltuna Leader V \u2013 5-ch\u00f3rowy, 120 bas\u00f3w, Casotto, Amplisound, MIDI | Akordeon kana\u0142owy - AkordeonArt - Bo d\u017awi\u0119k ma znaczenie!","robots":{"index":"index","follow":"follow","max-snippet":"max-snippet:-1","max-image-preview":"max-image-preview:large","max-video-preview":"max-video-preview:-1"},"canonical":"https:\/\/akordeonart.com\/index.php\/produkt\/akordeon-kanalowy-beltuna-120-bas\/","og_locale":"pl_PL","og_type":"article","og_title":"Beltuna Leader V \u2013 5-ch\u00f3rowy, 120 bas\u00f3w, Casotto, Amplisound, MIDI | Akordeon kana\u0142owy","og_description":"Opis produktu:Ekskluzywny akordeon kana\u0142owy Beltuna Leader V \u2013 instrument klasy premium, stworzony dla profesjonalnych muzyk\u00f3w. Wyposa\u017cony w 5 ch\u00f3r\u00f3w (3+2 Casotto) oraz 120 bas\u00f3w, oferuje niezwykle bogate i ciep\u0142e brzmienie. Dzi\u0119ki zastosowaniu systemu Amplisound oraz wbudowanego MIDI, instrument daje szerokie mo\u017cliwo\u015bci w grze koncertowej i studyjnej. Cechy g\u0142\u00f3wne:     Model: Beltuna Leader V    Typ: akordeon klawiszowy kana\u0142owy    Ilo\u015b\u0107 ch\u00f3r\u00f3w: 5 (3+2 Casotto)    Ilo\u015b\u0107 bas\u00f3w: 120    System Amplisound \u2013 regulacja barwy i g\u0142\u0119bi d\u017awi\u0119ku    Wbudowany system MIDI    G\u0142osy: Artigiana Professional \u2013 najwy\u017csza klasa jako\u015bci    Klawiatura: techniczna, precyzyjna i wygodna   Atuty instrumentu:     Pi\u0119kne, profesjonalne brzmienie    Idealny do koncert\u00f3w i nagra\u0144    Niezawodna w\u0142oska jako\u015b\u0107 wykonania   Dodatkowe informacje:Na \u017cyczenie kupuj\u0105cego dost\u0119pne s\u0105 dodatkowe zdj\u0119cia oraz nagrania prezentuj\u0105ce brzmienie instrumentu. Mo\u017cliwo\u015b\u0107 wysy\u0142ki za pobraniem lub po przedp\u0142acie.","og_url":"https:\/\/akordeonart.com\/index.php\/produkt\/akordeon-kanalowy-beltuna-120-bas\/","og_site_name":"AkordeonArt - Bo d\u017awi\u0119k ma znaczenie!","article_modified_time":"2025-09-29T19:20:48+00:00","og_image":[{"width":1024,"height":1024,"url":"https:\/\/akordeonart.com\/wp-content\/uploads\/2025\/09\/freepik__background__77778-1024x1024.png","type":"image\/png"}],"twitter_card":"summary_large_image","schema":{"@context":"https:\/\/schema.org","@graph":[{"@type":"WebPage","@id":"https:\/\/akordeonart.com\/index.php\/produkt\/akordeon-kanalowy-beltuna-120-bas\/","url":"https:\/\/akordeonart.com\/index.php\/produkt\/akordeon-kanalowy-beltuna-120-bas\/","name":"Beltuna Leader V \u2013 5-ch\u00f3rowy, 120 bas\u00f3w, Casotto, Amplisound, MIDI | Akordeon kana\u0142owy - AkordeonArt - Bo d\u017awi\u0119k ma znaczenie!","isPartOf":{"@id":"https:\/\/akordeonart.com\/#website"},"primaryImageOfPage":{"@id":"https:\/\/akordeonart.com\/index.php\/produkt\/akordeon-kanalowy-beltuna-120-bas\/#primaryimage"},"image":{"@id":"https:\/\/akordeonart.com\/index.php\/produkt\/akordeon-kanalowy-beltuna-120-bas\/#primaryimage"},"thumbnailUrl":"https:\/\/akordeonart.com\/wp-content\/uploads\/2025\/09\/freepik__background__77778.png","datePublished":"2025-09-16T09:38:56+00:00","dateModified":"2025-09-29T19:20:48+00:00","breadcrumb":{"@id":"https:\/\/akordeonart.com\/index.php\/produkt\/akordeon-kanalowy-beltuna-120-bas\/#breadcrumb"},"inLanguage":"pl-PL","potentialAction":[{"@type":"ReadAction","target":["https:\/\/akordeonart.com\/index.php\/produkt\/akordeon-kanalowy-beltuna-120-bas\/"]}]},{"@type":"ImageObject","inLanguage":"pl-PL","@id":"https:\/\/akordeonart.com\/index.php\/produkt\/akordeon-kanalowy-beltuna-120-bas\/#primaryimage","url":"https:\/\/akordeonart.com\/wp-content\/uploads\/2025\/09\/freepik__background__77778.png","contentUrl":"https:\/\/akordeonart.com\/wp-content\/uploads\/2025\/09\/freepik__background__77778.png","width":1536,"height":1536},{"@type":"BreadcrumbList","@id":"https:\/\/akordeonart.com\/index.php\/produkt\/akordeon-kanalowy-beltuna-120-bas\/#breadcrumb","itemListElement":[{"@type":"ListItem","position":1,"name":"Strona g\u0142\u00f3wna","item":"https:\/\/akordeonart.com\/"},{"@type":"ListItem","position":2,"name":"Sklep","item":"https:\/\/akordeonart.com\/index.php\/sklep\/"},{"@type":"ListItem","position":3,"name":"Beltuna Leader V \u2013 5-ch\u00f3rowy, 120 bas\u00f3w, Casotto, Amplisound, MIDI | Akordeon kana\u0142owy"}]},{"@type":"WebSite","@id":"https:\/\/akordeonart.com\/#website","url":"https:\/\/akordeonart.com\/","name":"AkordeonArt - Bo d\u017awi\u0119k ma znaczenie!","description":"","publisher":{"@id":"https:\/\/akordeonart.com\/#organization"},"potentialAction":[{"@type":"SearchAction","target":{"@type":"EntryPoint","urlTemplate":"https:\/\/akordeonart.com\/?s={search_term_string}"},"query-input":{"@type":"PropertyValueSpecification","valueRequired":true,"valueName":"search_term_string"}}],"inLanguage":"pl-PL"},{"@type":"Organization","@id":"https:\/\/akordeonart.com\/#organization","name":"AkordeonArt - Bo d\u017awi\u0119k ma znaczenie!","url":"https:\/\/akordeonart.com\/","logo":{"@type":"ImageObject","inLanguage":"pl-PL","@id":"https:\/\/akordeonart.com\/#\/schema\/logo\/image\/","url":"https:\/\/akordeonart.com\/wp-content\/uploads\/2025\/08\/logo-czarne.webp","contentUrl":"https:\/\/akordeonart.com\/wp-content\/uploads\/2025\/08\/logo-czarne.webp","width":1093,"height":259,"caption":"AkordeonArt - Bo d\u017awi\u0119k ma znaczenie!"},"image":{"@id":"https:\/\/akordeonart.com\/#\/schema\/logo\/image\/"}}]}},"wcpa_form_fields":null,"_links":{"self":[{"href":"https:\/\/akordeonart.com\/index.php\/wp-json\/wp\/v2\/product\/1147","targetHints":{"allow":["GET"]}}],"collection":[{"href":"https:\/\/akordeonart.com\/index.php\/wp-json\/wp\/v2\/product"}],"about":[{"href":"https:\/\/akordeonart.com\/index.php\/wp-json\/wp\/v2\/types\/product"}],"replies":[{"embeddable":true,"href":"https:\/\/akordeonart.com\/index.php\/wp-json\/wp\/v2\/comments?post=1147"}],"wp:featuredmedia":[{"embeddable":true,"href":"https:\/\/akordeonart.com\/index.php\/wp-json\/wp\/v2\/media\/1259"}],"wp:attachment":[{"href":"https:\/\/akordeonart.com\/index.php\/wp-json\/wp\/v2\/media?parent=1147"}],"wp:term":[{"taxonomy":"product_brand","embeddable":true,"href":"https:\/\/akordeonart.com\/index.php\/wp-json\/wp\/v2\/product_brand?post=1147"},{"taxonomy":"product_cat","embeddable":true,"href":"https:\/\/akordeonart.com\/index.php\/wp-json\/wp\/v2\/product_cat?post=1147"},{"taxonomy":"product_tag","embeddable":true,"href":"https:\/\/akordeonart.com\/index.php\/wp-json\/wp\/v2\/product_tag?post=1147"}],"curies":[{"name":"wp","href":"https:\/\/api.w.org\/{rel}","templated":true}]}}